 the greatest common divisor of 9918 and 418266.
342
Calculate the highest common divisor of 105537511 and 4468.
1117
What is the highest common divisor of 979440 and 436920?
1320
What is the greatest common divisor of 6760140 and 144?
12
What is the greatest common factor of 1108 and 83924?
4
Calculate the highest common divisor of 705913662 and 6.
6
What is the greatest common factor of 1205205 and 4890?
15
What is the highest common divisor of 3132336 and 540?
12
Calculate the greatest common divisor of 913941 and 6357.
489
What is the highest common factor of 156 and 4593524?
52
Calculate the greatest common factor of 198 and 173550927.
33
Calculate the highest common factor of 488 and 25482904.
8
Calculate the greatest common factor of 207 and 46750651.
23
Calculate the highest common factor of 19221 and 31132.
43
What is the highest common divisor of 2299 and 44802?
19
What is the greatest common divisor of 90108 and 39762658?
5006
What is the greatest common divisor of 297 and 272789?
11
Calculate the highest common divisor of 98695 and 1085.
5
Calculate the greatest common divisor of 10351419 and 1326.
663
Calculate the greatest common divisor of 1683 and 1616472.
99
What is the greatest common divisor of 138705 and 12201?
21
Calculate the greatest common factor of 237347510 and 10.
10
What is the highest common divisor of 16632 and 14002632?
1512
What is the greatest common divisor of 2601 and 197973?
9
Calculate the highest common divisor of 150 and 4096850.
50
Calculate the greatest common divisor of 168317097 and 78.
39
Calculate the highest common divisor of 2976099 and 210.
21
What is the highest common factor of 4896234 and 1701?
189
Calculate the highest common factor of 27819750 and 77214.
4542
Calculate the highest common divisor of 1709870 and 345121.
1049
What is the highest common factor of 1730773 and 896171?
6841
Calculate the highest common divisor of 223 and 26678382.
223
What is the highest common divisor of 585 and 1580800?
65
What is the greatest common factor of 630 and 62933346?
126
Calculate the greatest common divisor of 294 and 13386114.
294
What is the greatest common factor of 2968 and 1554469?
7
What is the highest common factor of 440 and 19720840?
40
What is the greatest common factor of 848 and 97200?
16
Calculate the highest common factor of 13255415 and 15.
5
Calculate the highest common factor of 3506 and 69651949.
1753
What is the highest common factor of 34798552 and 1264?
632
Calculate the highest common divisor of 19675582 and 6241.
79
Calculate the greatest common factor of 193732485 and 30.
15
What is the highest common factor of 157 and 479731555?
157
Calculate the greatest common factor of 9 and 5883363.
9
What is the highest common factor of 5881248 and 5832?
648
What is the greatest common divisor of 179 and 47974864?
179
What is the highest common divisor of 423 and 69279645?
141
Calculate the highest common factor of 9 and 1551066.
3
Calculate the greatest common divisor of 391 and 22540759.
391
What is the greatest common divisor of 35836 and 11650916?
2108
Calculate the highest common factor of 270650 and 675.
25
Calculate the greatest common divisor of 371 and 83045011.
371
Calculate the highest common divisor of 1487852 and 836.
76
Calculate the greatest common factor of 1784 and 43654034.
446
Calculate the greatest common factor of 5 and 112838905.
5
What is the greatest common factor of 7277 and 63289?
19
What is the greatest common factor of 9487 and 92856?
53
Calculate the greatest common factor of 664804802 and 118.
118
What is the highest common divisor of 220752 and 2716?
28
What is the highest common factor of 264369865 and 1825?
365
What is the highest common factor of 14775 and 4759520?
985
What is the highest common factor of 2313 and 567903951?
2313
Calculate the greatest common factor of 3 and 6932592.
3
What is the greatest common factor of 3867680 and 2576?
368
Calculate the highest common factor of 90 and 96357240.
90
What is the greatest common divisor of 2847 and 3600798?
219
Calculate the greatest common factor of 1265 and 7434635.
115
Calculate the highest common divisor of 517560 and 235626.
1362
What is the greatest common factor of 2261 and 2118557?
2261
What is the greatest common divisor of 33634 and 331822?
502
What is the highest common divisor of 333 and 32781149?
37
Calculate the highest common divisor of 658701388 and 536.
268
What is the greatest common factor of 15125256 and 68724?
2988
What is the greatest common divisor of 299970 and 65549?
1111
What is the highest common divisor of 3747552 and 45732?
1236
What is the greatest common divisor of 110473650 and 180?
90
What is the highest common divisor of 756 and 80162271?
189
Calculate the greatest common divisor of 6633 and 334933.
67
Calculate the greatest common divisor of 814 and 243483273.
407
What is the highest common factor of 819981 and 4?
1
Calculate the greatest common divisor of 19 and 27946701.
19
What is the greatest common factor of 981168 and 2892?
12
Calculate the highest common divisor of 1130211 and 65127.
51
What is the highest common factor of 144746 and 13?
1
Calculate the greatest common factor of 1026 and 99962154.
1026
Calculate the highest common factor of 629 and 43232095.
37
What is the highest common factor of 524842 and 2958?
58
What is the highest common factor of 444 and 56796258?
222
Calculate the highest common factor of 7290 and 10324800.
270
Calculate the highest common divisor of 3914 and 23370.
38
What is the greatest common factor of 38122066 and 664?
166
What is the highest common divisor of 10990 and 218435042?
2198
What is the highest common divisor of 50032 and 31917289?
3127
What is the greatest common factor of 34330556 and 1028185?
10823
What is the greatest common divisor of 7614 and 1495145952?
7614
Calculate the highest common factor of 301 and 2563058.
43
What is the highest common divisor of 21 and 691166595?
21
Calculate the greatest common factor of 781 and 2955943.
71
Calculate the greatest common divisor of 100288696 and 8.
8
Calculate the highest common divisor of 936495 and 37065.
105
Calculate the greatest common factor of 2166 and 20836198.
722
Calculate the highest common factor of 290 and 29130355.
145
Calculate the highest common divisor of 283797 and 215073.
207
Calculate the greatest common divisor of 283527606 and 174.
174
Calculate the highest common divisor of 11910 and 108210.
30
Calculate the highest common divisor of 9729741 and 63.
21
Calculate the greatest common divisor of 272 and 8438358.
34
Calculate the highest common factor of 11938716 and 814.
74
What is the highest common divisor of 85415 and 36025?
55
What is the greatest common factor of 1083206304 and 4164?
4164
What is the greatest common divisor of 422731017 and 6471?
6471
What is the greatest common divisor of 94 and 9272489?
47
What is the highest common factor of 5178705 and 555?
555
Calculate the highest common factor of 924 and 14985852.
84
What is the highest common divisor of 398439120 and 1102?
1102
Calculate the greatest common divisor of 8140144 and 2176.
272
What is the highest common factor of 558 and 15808326?
186
What is the highest common factor of 1299979 and 1?
1
What is the highest common divisor of 548397 and 783?
27
Calculate the highest common factor of 19018 and 68968.
74
Calculate the greatest common factor of 650985 and 120.
15
What is the highest common factor of 21465 and 3732885?
405
Calculate the greatest common divisor of 1330 and 12688960.
190
Calculate the highest common divisor of 31736 and 199980437.
3967
What is the greatest common divisor of 14621911 and 1652?
59
What is the highest common factor of 1 and 809703?
1
What is the highest common factor of 404201 and 1256899?
5537
What is the greatest common divisor of 7168777 and 847?
77
What is the greatest common divisor of 3696 and 1841952?
336
Calculate the highest common divisor of 164 and 23862574.
82
What is the highest common factor of 402682 and 2401?
343
What is the highest common divisor of 470 and 34068514?
94
Calculate the greatest common factor of 231786 and 10.
2
What is the greatest common divisor of 3612 and 43656438?
1806
Calculate the highest common divisor of 457 and